74. Give t(0).
174
Let s(l) = 26*l**2 + 1110*l + 2791. What is s(-40)?
-9
Let r(z) = -47*z - 537. Determine r(0).
-537
Let d(i) = i**3 - 103*i**2 + 35*i + 35729. Give d(99).
-10
Let o(m) = -39731*m - 3853897. Calculate o(-97).
10
Let n(l) = -5*l**3 - 989*l**2 + 1184*l - 2003. What is n(-199)?
-13
Let j(m) = -776*m**2 - 4660*m - 8. Give j(-6).
16
Let i(k) = -1105*k + 9482. Determine i(8).
642
Let c(y) = 33*y + 413. Give c(14).
875
Let n(x) = -37192*x + 446313. Calculate n(12).
9
Let l(v) = -17*v**3 - 807*v**2 - 3609*v + 15. What is l(-5)?
10
Let w(d) = 11*d**2 - 5463*d + 16396. Determine w(3).
106
Let q(r) = -2*r**3 + 12*r**2 - 67*r + 1516. Calculate q(13).
-1721
Let k(q) = 147265*q - 589050. What is k(4)?
10
Let x(i) = -275*i + 60192. Give x(214).
1342
Let u(f) = -f**2 + 607*f - 51903. What is u(103)?
9
Let c(i) = -124*i + 2616. Determine c(39).
-2220
Let u(j) = -819*j - 60569. Give u(-74).
37
Let f(q) = 7822*q + 265921. Determine f(-34).
-27
Let f(d) = -2*d**3 + 133*d**2 - 1976*d - 183. Calculate f(44).
-7
Let y(q) = -q**3 - 173*q**2 - 1886*q + 7199. Give y(-161).
-207
Let d(p) = -111092*p + 4. What is d(0)?
4
Let x(y) = -y**3 - 50*y**2 + 59*y + 7433. Give x(-48).
-7
Let o(g) = 6*g**2 + 240*g - 1324. Give o(-45).
26
Let c(u) = -4*u**2 + 434*u - 8487. Give c(83).
-21
Let i(z) = -3888*z + 36325. Calculate i(9).
1333
Let t(d) = 104*d**2 + 11211*d - 2241. What is t(-108)?
27
Let b(y) = -6098*y - 12342. Determine b(-2).
-146
Let x(i) = 42*i**2 + 37238*i - 14196. Calculate x(-887).
-4
Let o(t) = t**3 - 839*t**2 - 24320*t + 38146. What is o(867)?
-2
Let u(f) = 56453*f + 1975848. Give u(-35).
-7
Let b(j) = -5*j**2 + 288*j + 4566. Calculate b(70).
226
Let q(y) = -122322*y - 733934. Determine q(-6).
-2
Let q(z) = 3*z**3 + 115*z**2 - 570*z - 22475. Calculate q(-38).
629
Let g(d) = -d**3 + 50*d**2 + 134*d - 693. Determine g(53).
-2018
Let b(j) = j**2 + 116219*j - 581090. Calculate b(5).
30
Let r(k) = -982*k - 7667. Calculate r(-10).
2153
Let h(o) = 6751*o + 33765. Determine h(-5).
10
Let z(a) = a**2 - 40*a - 294. Determine z(47).
35
Let q(w) = 2*w**2 - 5294*w + 21107. Give q(4).
-37
Let g(v) = 599*v - 6209. What is g(17)?
3974
Let a(p) = -5*p**2 + 5214*p - 25943. Determine a(5).
2
Let t(u) = -2*u**2 + 531*u + 128056. Determine t(-153).
-5
Let t(l) = 9*l**2 + 151*l + 1280. What is t(-6)?
698
Let o(t) = -t**3 + 261*t**2 - 9889*t - 202. Give o(215).
13
Let m(k) = -k**3 + 65*k**2 - 738*k - 3897. Determine m(21).
9
Let k(m) = -6*m**2 - 3316*m + 9928. What is k(3)?
-74
Let a(d) = 10*d**3 + 1031*d**2 + 111*d + 702. What is a(-103)?
-122
Let s(i) = 9*i**2 - 102767*i + 925018. Calculate s(9).
844
Let x(z) = z**3 - 15*z**2 + 2*z + 312. Determine x(12).
-96
Let z(d) = 16721*d - 183927. Determine z(11).
4
Let v(c) = -507773*c - 3554411. What is v(-7)?
0
Let i(j) = -j**2 + 2376*j - 147973. Calculate i(64).
-5
Let m(n) = -175*n**3 + 44*n**2 + 95*n + 3. Determine m(-2).
1389
Let q(g) = -317*g**3 - 9189*g**2 + 257*g + 4097. Give q(-29).
8
Let y(i) = 1140*i**2 - 1084*i - 3. Calculate y(1).
53
Let s(t) = t**2 - 86*t - 1245. Give s(-29).
2090
Let w(n) = -10*n**2 + 330*n - 1. What is w(35)?
-701
Let p(q) = 452*q + 3300. What is p(-7)?
136
Let l(y) = -1151*y - 775. Calculate l(5).
-6530
Let g(a) = -861*a + 3554. What is g(4)?
110
Let i(w) = 4*w**3 + 318*w**2 + 2748*w - 315. Give i(-10).
5
Let b(r) = -12*r**2 + 2266*r - 58690. Determine b(31).
24
Let v(s) = -87*s + 11803. Calculate v(137).
-116
Let h(z) = z**3 + 39*z**2 - 1229*z + 1858. Determine h(-60).
-2
Let g(o) = 84*o - 7437. Calculate g(84).
-381
Let g(u) = 61*u**3 + 1646*u**2 - 320*u - 7922. What is g(-27)?
-11
Let w(k) = -21316*k + 1023500. Calculate w(48).
332
Let q(g) = 26*g**2 + 5398*g - 13027. Determine q(-210).
-7
Let a(g) = -2*g**3 + 154*g**2 - 1227*g + 118. Give a(68).
-86
Let t(s) = -13*s**2 - s - 230. Calculate t(-9).
-1274
Let j(t) = -2*t**2 + 647*t + 58374. Give j(397).
15
Let v(y) = -3*y**3 - 124*y**2 + 8521*y + 350943. Calculate v(-41).
-99
Let u(s) = -s**2 + 3272*s - 180080. What is u(56)?
16
Let q(l) = -8*l**3 - 76*l**2 + 188*l + 1439. Calculate q(-10).
-41
Let p(y) = -177*y**2 + 1368*y + 6812. Give p(-5).
-4453
Let v(d) = d**3 + 18*d**2 + 552*d + 8362. What is v(-18)?
-1574
Let h(a) = 273*a + 6387. Give h(-32).
-2349
Let l(h) = -h**3 - 28*h**2 - 111*h - 13. Calculate l(-20).
-993
Let v(r) = -3*r**2 + 442*r - 12302. Calculate v(109).
233
Let s(n) = 5*n**3 - 129*n**2 + 187*n + 732. What is s(24)?
36
Let k(s) = -s**3 - 20*s**2 - 21*s - 672. Determine k(-23).
1398
Let o(u) = -3*u**2 + 67*u + 602. Determine o(30).
-88
Let i(t) = 24566*t + 1695081. Determine i(-69).
27
Let p(z) = -416*z + 129918. Determine p(314).
-706
Let r(k) = 111*k**2 - 2255*k + 10549. Determine r(13).
-7
Let d(h) = -35882*h - 3193519. What is d(-89)?
-21
Let v(w) = 5090*w + 40370. Determine v(-8).
-350
Let r(o) = -3*o**2 - 40535*o + 243252. Determine r(6).
-66
Let s(t) = 3505*t + 4785. What is s(-1)?
1280
Let n(c) = c**3 + 85*c**2 - 14199*c - 511. Calculate n(-169).
-4
Let y(o) = -9*o**3 - 51*o**2 + 27*o + 67. Give y(-6).
13
Let k(v) = 2*v**2 - 1691*v + 198047. Determine k(141).
-622
Let x(r) = 540*r - 79932. Give x(148).
-12
Let s(v) = -9318*v**2 - 400675*v - 50. Give s(-43).
-7
Let r(u) = u**2 + 6021*u - 279054. Calculate r(46).
28
Let z(f) = 1479*f + 76901. What is z(-52)?
-7
Let a(f) = -f**3 + 27*f**2 - 97*f + 2640. What is a(27)?
21
Let y(x) = -x**3 + 78*x**2 + 424*x + 4. What is y(83)?
751
Let v(k) = -k**3 + 27*k**2 - 187*k - 287. Calculate v(11).
-408
Let p(j) = -18*j**2 + 377*j - 3907. Calculate p(10).
-1937
Let q(a) = 160206*a - 10894011. What is q(68)?
-3
Let j(g) = g**2 - 34*g - 6271. Calculate j(97).
-160
Let w(j) = -57*j**3 + j**2 + 364*j + 734. What is w(-2)?
466
Let y(k) = -496*k - 50802. Give y(-102).
-210
Let g(u) = 2825*u**2 + 16965*u - 3. Give g(-6).
-93
Let c(d) = -d**3 + 19*d**2 + 1039*d - 104. What is c(43)?
197
Let h(o) = -o**2 + 60*o + 1332. What is h(-17)?
23
Let b(z) = 1570*z - 301424. Calculate b(192).
16
Let k(i) = -5*i**2 + 148734*i + 446225. Determine k(-3).
-22
Let x(r) = -184596*r - 1661375. What is x(-9)?
-11
Let u(k) = -17*k**3 + 137*k**2 + 843*k - 427. What is u(12)?
41
Let n(t) = t**2 + 826*t - 20398. Determine n(24).
2
Let v(a) = 340*a**2 + 275*a - 1. What is v(-1)?
64
Let t(m) = m**3 - 16*m**2 + 72*m - 497. Give t(11).
-310
Let l(x) = -x**3 + 132*x**2 + 501*x + 5873. Calculate l(136).
25
Let l(g) = 29716*g - 58855. Calculate l(2).
577
Let m(b) = -b**2 - 7*b + 3934. What is m(62)?
-344
Let p(s) = -172199*s + 1549792. What is p(9)?
1
Let w(o) = 464*o + 132273. Give w(-285).
33
Let s(g) = -190*g + 4181. Determine s(22).
1
Let g(a) = 24*a**3 + 3*a**2 - 400*a + 401. Determine g(1).
28
Let d(l) = -l**3 + 173*l**2 + 61*l - 10704. What is d(173)?
-151
Let p(u) = -71*u**2 + 9194*u + 23506. What is p(132)?
10
Let y(b) = -2*b**3 + 6*b**2 + 1003*b - 9701. Determine y(14).
29
Let c(y) = 7535*y + 66858. Give c(-8).
6578
Let q(i) = -3*i**2 + 290*i - 751. Determine q(94).
1
Let a(z) = 11348*z + 90798. What is a(-8)?
14
Let n(s) = -256*s**2 - 31476*s + 534. Calculate n(-123).
-942
Let k(l) = -2*l**3 + 509*l**2 - 2565*l + 346. Give k(5).
-4
Let z(a) = 2*a**3 + 60*a**2 + 18*a + 71. Give z(-30).
-469
Let o(d) = 1651*d - 33909. What is o(22)?
2413
Let a(j) = 3*j**3 + 157*j**2 + 271*j + 3363. Give a(-51).
-54
Let q(s) = s**3 - 8*s**2 + 60*s - 479. Give q(12).
817
Let l(i) = -1543*i + 79725. Calculate l(52).
-511
Let n(c) = -20*c**2 + 49*c + 101. Determine n(6).
-325
Let b(q) = -25*q + 270. What is b(5)?
145
Let b(i) = 5*i**2 - 6628*i - 13318. Calculate b(-2).
-42
Let o(s) = 4038*s - 1744398. Give o(432).
18
Let p(o) = -21947*o + 2370286. What is p(108)?
10
Let k(y) = 10*y - 335. What is k(-1)?
-345
Let u(a) = -90*a**3 - 11*a**2 - 482*a - 938. What is u(-2)?
702
Let m(u) = u**2 - 54566*u - 654931. What is m(-12)?
5
Let s(w) = 6*w**3 + 6*w**2 + 32*w - 20. Calculate s(1).
24
Let h(b) = 4117*b + 32905. Determine h(-8).
-31
Let o(u) = -36236*u + 26. What is o(0)?
26
Let o(h) = 28*h + 882. Give o(-46).
-406
Let m(o) = -38*o**2 - 190*o - 11. What is m(-6)?
-239
Let g(k) = -k**3 + 515*k**2 - 47697*k + 2794. Give g(121).
11
Let h(z) = -225*z**3 - 11*z**2 + 8*z + 19. Determine h(-1).
225
Let u(m) = -164*m - 9066. Determine u(